**3 + 13*r**2 - 15*r + 6. Let k be z(-14). Let c be (k/(-8))/(1/(-2)). Calculate b(c).
-1
Let t(c) = -c + 1. Let r be t(-2). Let g(w) = -5*w**2 + 4*w**2 - 5*w + 5 - r. Let h be (-36)/8 - 2/4. What is g(h)?
2
Let y be (2/4)/(4/(-8)). Let a(h) be the second derivative of 0*h**3 - 1/5*h**5 - 2*h + 0 - 1/12*h**4 + 1/2*h**2. Give a(y).
4
Let q(p) = 3*p**2 - 2*p + 2. Let x be q(2). Let a(g) = 22*g + 4. Let n(l) = 7*l + 1. Let o(k) = x*n(k) - 3*a(k). Calculate o(3).
10
Let x = 1 - 11. Let v be (-16)/x + 2/5. Let j be (10/4)/(v/(-4)). Let i(t) = 2*t + 4. Determine i(j).
-6
Let c(a) = -a**2 - 24*a - 42. Let k be c(-22). Let q(n) = -3 + n**2 - 2*n**3 - n + 3. What is q(k)?
-14
Let r = 19 - 16. Let q(x) = x - 3. What is q(r)?
0
Let c(q) be the first derivative of -q**4/4 - q**3 - q**2 - q + 11. Calculate c(-2).
-1
Suppose 8 = 2*q - q. Let g(m) = 10 + 0*m - q - m. Calculate g(-5).
7
Let v(f) = f**3 - 8*f**2 - 8*f + 5. Let h(r) = -r**3 + 9*r**2 + 9*r - 5. Let s(d) = 5*h(d) + 6*v(d). Calculate s(4).
9
Let i(z) be the third derivative of z**5/60 - z**4/4 + 7*z**3/6 - 2*z**2. Suppose b + 40 = 3*v, -5*b - 29 - 15 = -3*v. Let p = -8 + v. What is i(p)?
2
Let j(v) = -4*v + 1. Let m(a) = -4*a + 1. Let q(p) = -2*j(p) + 3*m(p). Let x = -99 + 100. Calculate q(x).
-3
Suppose -2*x = -1 - 5. Let i(j) = -j**3 + 3*j**2 - j + 1. What is i(x)?
-2
Let n = -5 - -3. Let x(o) = 4*o - 5. Let f = 29 - 30. Let i(w) = -w - 1. Let m(q) = f*x(q) + n*i(q). Give m(5).
-3
Let o = 6 - 1. Let b = -5 + 8. Let k(j) = -3*j**2 - o*j - j**2 - j**2 + j**b - 7. What is k(6)?
-1
Let c(r) be the third derivative of -r**8/4032 - r**7/2520 - r**6/720 - r**5/12 - r**2. Let l(h) be the third derivative of c(h). Calculate l(-1).
-4
Let r be (-1)/5 - 111/(-5). Suppose 2*m = r - 0. Let c = -7 + m. Let h(t) = -3*t + 5. What is h(c)?
-7
Let d(j) be the second derivative of 1/720*j**6 - 1/6*j**4 + 0*j**3 + 0 + 0*j**2 - 2*j + 1/60*j**5. Let t(u) be the third derivative of d(u). Give t(-1).
1
Let c(i) be the third derivative of -i**5/60 - i**4/12 + 7*i**3/6 + i**2. Suppose n + 11 = 2*z, 3*n = -z - 0 - 5. Let x be (-1)/((-32)/(-10) + n). What is c(x)?
-8
Let i(j) be the second derivative of j**5/20 + j**4/4 - j**3/2 - 3*j**2/2 + 6*j. Let k = 8 + -12. Give i(k).
-7
Suppose -2*l + 26 = -0*l + 4*h, -1 = 3*l - 2*h. Let b = -2 + l. Let j(n) = -2*n**2 - 1. Determine j(b).
-3
Let h be (21/(-9) - -3)*3. Let n(r) = 4*r + 0*r - 4*r**h - 6*r - r**3 + 2 + 0*r. Let x(b) = b**3 - 8*b**2 - 3. Let a be x(8). What is n(a)?
-1
Let w(y) = -8*y + 2. Let q(a) = 9*a - 3. Let o(m) = -6*q(m) - 7*w(m). Calculate o(-6).
-8
Suppose 4*m + 8 = 5*a, 1 = -a - 2*m - 3. Let f(o) = o**3 - o**2 - 1. Give f(a).
-1
Let x(v) be the third derivative of -v**5/60 + v**4/4 - v**3/3 - 2*v**2. Let j be x(5). Let z(q) = -2*q - 1 + 4 + 4*q + j. What is z(-5)?
-4
Let t(f) = f**2 + 2*f - 1. Let c be t(1). Let s(q) = -3*q - 1 - 2*q**2 + 4*q - q**c + 4*q**2. Give s(-1).
-1
Let k(s) = -s**3 + 9*s**2 - 3*s + 12. Let y be k(9). Let f = y - -13. Let w(n) = 2*n**2 - n - 2. Calculate w(f).
8
Let q(b) be the third derivative of -5*b**4/8 + b**3/6 + 3*b**2 + 3*b. What is q(1)?
-14
Let h = 17 - 9. Let i be (12/h)/((-6)/8). Let r(p) = -p**3 - 2*p**2 - 2*p - 3. Give r(i).
1
Let d(a) = a**3 + 7*a**2 - 7*a - 9. Let r(m) = m**3 - 13*m**2 + 10*m + 16. Let y be r(12). Determine d(y).
-17
Suppose -5*y - 1 = -6. Let f be 1 + (-2 - (y + -3)). Let g(s) = s**2 - s. Let j(l) = 3*l + 1. Let n(v) = -4*g(v) - j(v). What is n(f)?
-4
Let i(o) = -9*o**2 + 3*o + 1. Let z(n) = 5*n**2 - n - 1. Let b(w) = 4*i(w) + 7*z(w). Let u(y) = -y**2 + y + 5. Let r = -11 + 11. Let t be u(r). Determine b(t).
-3
Let c = 13 + -15. Let l(h) = h**2 + 4*h + 3. Calculate l(c).
-1
Suppose 3*n + 0*z = 5*z - 46, 5*n + 10 = -5*z. Let w = n - -11. Suppose 2*q + q - 10 = -t, -5*q + w*t = -11. Let u(h) = h**2 - 3*h - 4. Determine u(q).
-4
Let b = 0 + 0. Let q(m) be the second derivative of m**4/12 - m**3/6 - 5*m**2/2 + 24*m. What is q(b)?
-5
Let l(a) = -7*a - 9. Let z(h) = -2*h - 2. Let v(b) = 2*l(b) - 9*z(b). What is v(2)?
8
Let i(z) = z**3 + z**2 - 1. Suppose p - 5 = -4*p. Let g(m) = m**3 + 6*m**2 + m - 6. Let o(n) = p*g(n) - 2*i(n). What is o(4)?
0
Let j(v) = 87*v + 1 - 86*v + 2. Determine j(7).
10
Let o(t) = 10*t**3 - 7*t**2 - 11*t**3 - t + t**2. Let l(w) = 2*w**3 + 6*w**2 + w. Let c(k) = 2*l(k) + 3*o(k). Determine c(6).
-6
Let x be (-2)/(-6) + (-5)/(-3). Suppose -x*l = -9 - 1. Let g(a) = -2*a + 4 + 2 + 3*a - 3*a. Determine g(l).
-4
Let q(u) = -144*u + 288*u - 4 - u**2 - 149*u. Determine q(-5).
-4
Let i(y) = -3 + 3 + 1 + y. Let c(q) = 10*q**2 - q - 1. Let o be c(-1). Suppose 12 = -5*f - 2*l, -3*l - o + 30 = -2*f. What is i(f)?
-3
Suppose -20 = -2*v + 18. Let p be (2 - 1 - 1) + 3. Suppose -2*u + 3*i - v = 0, 6*i = 5*i + p. Let d(x) = -3*x - 5. Give d(u).
10
Let v(l) = -l**3 + 2*l**2 + 2*l + 4. Let u(b) = 5 - 6 + 3 + 15 - b. Let y be u(14). Calculate v(y).
1
Let u(g) be the second derivative of 1/20*g**5 + 7/12*g**4 + 0 + g**3 - 5/2*g**2 + 3*g. Calculate u(-6).
-5
Suppose -2*r = 3*y - 19, -y + 3 + 0 = 0. Let l(f) = -3*f. Let c(a) be the third derivative of a**4/12 - a**2. Let m(z) = -5*c(z) - 3*l(z). Determine m(r).
-5
Let r = 4 + -2. Let u(a) = -4*a**r + 0*a + 1 - a**2 - 2*a. Let x be (4/(-6))/((-4)/6). Calculate u(x).
-6
Let o be (-6)/3 + -13 - 1. Let j be o/6*(-15)/10. Let c(h) = -h**3 + 4*h**2 - 2*h + 5. What is c(j)?
-3
Suppose 6*t - 15 = -3. Suppose -s + b = t*s + 5, 0 = 5*s + 5*b + 15. Let d(i) = 5*i - 2. Calculate d(s).
-12
Let a(p) = 4*p**2 + 4*p + 1. Let y be 6/(-27) - 188/(-36). Let x(j) = 8*j**2 + 9*j + 2. Let m(v) = y*a(v) - 2*x(v). Give m(-1).
3
Let w be (-2)/((0 + -1)/3). Let l(x) = x**2 - 7*x + 4. What is l(w)?
-2
Suppose -4*s + 3 = -3*d, 2*s - 3*d = s + 3. Let j(v) = -v + 15. Give j(s).
15
Let y(g) = 3*g - 7 - 2*g - 2 + 2. Calculate y(7).
0
Let z(i) = i**3 + i**2 + i + 6. Let a be ((-1)/1 - -1)/2. What is z(a)?
6
Let v(m) = -m - 4. Suppose 3*g + 3*t = 2*t + 31, -37 = -g + 5*t. Let h be 1/(-2) + (-2)/(-4). Suppose -g = -h*j + 3*j. Determine v(j).
0
Let j(v) be the third derivative of 13*v**4/24 + v**3/6 + 10*v**2. Calculate j(-1).
-12
Suppose -6*b + 8*b = 0. Suppose -14*m + 10*m - 24 = b. Let o(t) = t**3 + 5*t**2 - 6*t - 6. What is o(m)?
-6
Let x(c) be the third derivative of c**4/6 + c**3/2 + c**2. Suppose 0 = -h - 2*s + 14, 2*h + 0 - 4 = 2*s. Let a = -9 + h. Calculate x(a).
-9
Suppose -3*w - 8 = -5*v + 5, -3*v + 6 = 0. Let x(n) = 2*n. Let a(h) = -h. Let y(c) = -3*a(c) + 3*x(c). Determine y(w).
-9
Let f(a) = -13*a**2 - 25*a - 29. Let r(m) = 7*m**2 + 13*m + 15. Let v(i) = 6*f(i) + 11*r(i). Let y be v(-6). Let n(p) = -p**2 - 2*p - 1. Give n(y).
-4
Let u = -22 + 12. Let q(k) = -k - 6. Determine q(u).
4
Let d(t) = t. Let x(h) = h**3 + 4*h**2 - 12*h - 2. Let l(w) = 6*d(w) + x(w). Suppose 25 = -0*b - 5*b. What is l(b)?
3
Let w(t) = -t**3 - 6*t**2 - t - 2. Let y be (3 - (-14)/(-6))*-9. Give w(y).
4
Let v be ((-6)/9)/((-3)/(-18)). Let q be (v/(-6))/(2/9). Suppose 0 = -6*i + 3*i + q. Let p(y) = 5*y**2 + 1. Give p(i).
6
Let r = -10 - -14. Let a(h) = 11*h + 32. Let l(s) = -4*s - 11. Let k(v) = -6*a(v) - 17*l(v). Give k(r).
3
Let i(f) = -f**3 - 7*f**2 - 6*f + 7. Let q be (-370)/70 + 4/14. What is i(q)?
-13
Let l(u) = 4*u**2 + 31. Let y(k) = -5*k - 3. Let x be y(-2). Let c(i) = i**2 + 10. Let v(r) = x*c(r) - 2*l(r). Give v(0).
8
Let f be -25*(0 + (-1)/(-1)). Let p be (-130)/f + (-1)/5. Suppose 10 = p*g - 0. Let s(i) = i + 2. What is s(g)?
4
Let l(q) = -15*q**2 - 7*q + 10. Let z(m) = 10*m**2 + 5*m - 7. Let w(a) = 5*l(a) + 7*z(a). Calculate w(1).
-4
Let d(a) = -a**2 - 3*a + 1. Suppose t - 16 = 4*q, 4*t - 3 = -5*q - 2. Suppose t*z - 8 = -0*z. Suppose -v - z*v - s = 9, -5*s + 3 = 3*v. Determine d(v).
-3
Let r be (-276)/18 + 4/(-12)*-1. Let b(v) = -v**2 - 15*v + 4. Calculate b(r).
4
Let a(s) be the third derivative of -s**4/24 + s**3/6 + 6*s**2. Let c(p) = -p**2 - 3*p + 2. Let n(u) = -3*a(u) + c(u). Determine n(3).
-10
Let h = 11 - 8. Suppose c - 10 = h*x - 0, -12 = 5*x + 3*c. Let s(t) = 3*t + 1. What is s(x)?
-8
Let x = 11 + -8. Let t(r) = r**2 - 4 + r**x + 2*r**3 - r + 3. Determine t(-1).
-2
Let d(q) be the first derivative of -q**4/4 - 7*q**3/3 - q**2/2 + 5*q + 58. Calculate d(-7).
12
Let t(i) = i**3 + 5*i*